{"id":1284,"date":"2019-07-15T15:34:46","date_gmt":"2019-07-15T13:34:46","guid":{"rendered":"https:\/\/www.tourisme-saverne.fr\/?page_id=1284"},"modified":"2025-12-11T14:04:30","modified_gmt":"2025-12-11T13:04:30","slug":"wow-erfahrungen","status":"publish","type":"page","link":"https:\/\/www.tourisme-saverne.fr\/de\/wow-erfahrungen\/","title":{"rendered":"Wow-Erfahrungen!"},"content":{"rendered":"<section id=\"block-intro-block_33db02c834f241558202abdfcc89f782\" class=\"block-g block-intro alignfull\">\r\n    <div class=\"container\">\r\n        <div class=\"content\">\r\n                        <p>Sie m\u00f6chten die Region einmal anders kennenlernen? Saverne ist ein bemerkenswertes Reiseziel. Entdecken Sie seine Geheimnisse durch einzigartige und au\u00dfergew\u00f6hnliche Erfahrungen&#8230;. Genie\u00dfen Sie einen Aperitif auf dem Wasser oder lassen Sie sich ein lokales Bier auf dem Dach des Rohan-Schlosses schmecken&#8230; und wer wei\u00df, vielleicht treffen Sie sogar ein Einhorn!<\/p>\n        <\/div>\r\n    <\/div>\r\n<\/section>\n\n\r\n    <section id=\"block-lei-product-grid-block_691e11e1296f9d554b425db26701b5d2\" class=\"block-g block-items items-grid alignfull\" data-modele=\"default-lei\">\r\n                <div class=\"container\">\r\n            <div class=\"items-grid-content row\">\r\n                                                                                                                                                <div class=\"item-col col-12 col-sm-6 col-lg-4\">\r\n                            <div class=\"item\" data-ref=\"221008232\">\r\n                                <div class=\"top\">\r\n                                                                            <div class=\"img-wrap\">\r\n                                            <img decoding=\"async\" \r\n                                            class=\"d-block img-fluid w-100 lazy\" \r\n                                            src=\"https:\/\/www.tourisme-saverne.fr\/wp-content\/themes\/saverne\/assets\/img\/placeholder.gif\" \r\n                                            data-src=\"https:\/\/www.tourisme-saverne.fr\/de\/?resize=425,270&#038;updated=1755595877&#038;lei_img=https:\/\/apps.tourisme-alsace.info\/photos\/saverne\/photos\/221008232_1.jpg\" \r\n                                            alt=\"\u00a9Office de Tourisme &#038; du Commerce du Pays de Saverne. Photo non contractuelle\"\r\n                                            title=\"\u00a9Office de Tourisme &#038; du Commerce du Pays de Saverne. Photo non contractuelle\"\r\n                                             \/>\r\n                                        <\/div>\r\n                                                                    <\/div>\r\n                                <div class=\"content\">\r\n                                    <h4>Saverne<\/h4>\r\n                                    <h3>Vintage Boat, Elektro-boote ohne F\u00fchrerschein<\/h3>\r\n                                    <div class=\"lds-ring\"><div><\/div><div><\/div><div><\/div><div><\/div><\/div>\r\n                                <\/div>\r\n                            <\/div>\r\n                        <\/div>\r\n                                                                    <div class=\"item-col col-12 col-sm-6 col-lg-4\">\r\n                            <div class=\"item\" data-ref=\"221008729\">\r\n                                <div class=\"top\">\r\n                                                                            <div class=\"img-wrap\">\r\n                                            <img decoding=\"async\" \r\n                                            class=\"d-block img-fluid w-100 lazy\" \r\n                                            src=\"https:\/\/www.tourisme-saverne.fr\/wp-content\/themes\/saverne\/assets\/img\/placeholder.gif\" \r\n                                            data-src=\"https:\/\/www.tourisme-saverne.fr\/de\/?resize=425,270&#038;updated=1716976810&#038;lei_img=https:\/\/apps.tourisme-alsace.info\/photos\/saverne\/photos\/221008729_1.jpg\" \r\n                                            alt=\"\u00a9Office de Tourisme &#038; du Commerce du Pays de Saverne. Photo non contractuelle\"\r\n                                            title=\"\u00a9Office de Tourisme &#038; du Commerce du Pays de Saverne. Photo non contractuelle\"\r\n                                             \/>\r\n                                        <\/div>\r\n                                                                    <\/div>\r\n                                <div class=\"content\">\r\n                                    <h4>Saverne<\/h4>\r\n                                    <h3>Aperitif-Boot<\/h3>\r\n                                    <div class=\"lds-ring\"><div><\/div><div><\/div><div><\/div><div><\/div><\/div>\r\n                                <\/div>\r\n                            <\/div>\r\n                        <\/div>\r\n                                                                    <div class=\"item-col col-12 col-sm-6 col-lg-4\">\r\n                            <div class=\"item\" data-ref=\"221010170\">\r\n                                <div class=\"top\">\r\n                                                                            <div class=\"img-wrap\">\r\n                                            <img decoding=\"async\" \r\n                                            class=\"d-block img-fluid w-100 lazy\" \r\n                                            src=\"https:\/\/www.tourisme-saverne.fr\/wp-content\/themes\/saverne\/assets\/img\/placeholder.gif\" \r\n                                            data-src=\"https:\/\/www.tourisme-saverne.fr\/de\/?resize=425,270&#038;updated=1772810552&#038;lei_img=https:\/\/apps.tourisme-alsace.info\/photos\/saverne\/photos\/221010170_1.jpg\" \r\n                                            alt=\"\u00a9Office de Tourisme &#038; du Commerce du Pays de Saverne. Photo non contractuelle\"\r\n                                            title=\"\u00a9Office de Tourisme &#038; du Commerce du Pays de Saverne. Photo non contractuelle\"\r\n                                             \/>\r\n                                        <\/div>\r\n                                                                    <\/div>\r\n                                <div class=\"content\">\r\n                                    <h4>Saverne<\/h4>\r\n                                    <h3>Les Festinettes : Grillboote<\/h3>\r\n                                    <div class=\"lds-ring\"><div><\/div><div><\/div><div><\/div><div><\/div><\/div>\r\n                                <\/div>\r\n                            <\/div>\r\n                        <\/div>\r\n                                                                    <div class=\"item-col col-12 col-sm-6 col-lg-4\">\r\n                            <div class=\"item\" data-ref=\"221004120\">\r\n                                <div class=\"top\">\r\n                                                                            <div class=\"img-wrap\">\r\n                                            <img decoding=\"async\" \r\n                                            class=\"d-block img-fluid w-100 lazy\" \r\n                                            src=\"https:\/\/www.tourisme-saverne.fr\/wp-content\/themes\/saverne\/assets\/img\/placeholder.gif\" \r\n                                            data-src=\"https:\/\/www.tourisme-saverne.fr\/de\/?resize=425,270&#038;updated=1767785593&#038;lei_img=https:\/\/apps.tourisme-alsace.info\/photos\/saverne\/photos\/221004120_1.jpg\" \r\n                                            alt=\"\u00a9Office de Tourisme et du Commerce du Pays de Saverne. Photo non contractuelle\"\r\n                                            title=\"\u00a9Office de Tourisme et du Commerce du Pays de Saverne. Photo non contractuelle\"\r\n                                             \/>\r\n                                        <\/div>\r\n                                                                    <\/div>\r\n                                <div class=\"content\">\r\n                                    <h4>Saverne<\/h4>\r\n                                    <h3>Bewundern Sie die 360\u00b0-Aussicht vom Dach des Rohan Schloss!<\/h3>\r\n                                    <div class=\"lds-ring\"><div><\/div><div><\/div><div><\/div><div><\/div><\/div>\r\n                                <\/div>\r\n                            <\/div>\r\n                        <\/div>\r\n                                                                    <div class=\"item-col col-12 col-sm-6 col-lg-4\">\r\n                            <div class=\"item\" data-ref=\"221008260\">\r\n                                <div class=\"top\">\r\n                                                                            <div class=\"img-wrap\">\r\n                                            <img decoding=\"async\" \r\n                                            class=\"d-block img-fluid w-100 lazy\" \r\n                                            src=\"https:\/\/www.tourisme-saverne.fr\/wp-content\/themes\/saverne\/assets\/img\/placeholder.gif\" \r\n                                            data-src=\"https:\/\/www.tourisme-saverne.fr\/de\/?resize=425,270&#038;updated=1656429420&#038;lei_img=https:\/\/apps.tourisme-alsace.info\/photos\/saverne\/photos\/221008260_1.jpg\" \r\n                                            alt=\"\u00a9Schulzfoto - Adobe Stock\u00ae. Photo non contractuelle\"\r\n                                            title=\"\u00a9Schulzfoto - Adobe Stock\u00ae. Photo non contractuelle\"\r\n                                             \/>\r\n                                        <\/div>\r\n                                                                    <\/div>\r\n                                <div class=\"content\">\r\n                                    <h4>Steinbourg<\/h4>\r\n                                    <h3>ULM-Flug<\/h3>\r\n                                    <div class=\"lds-ring\"><div><\/div><div><\/div><div><\/div><div><\/div><\/div>\r\n                                <\/div>\r\n                            <\/div>\r\n                        <\/div>\r\n                                                                    <div class=\"item-col col-12 col-sm-6 col-lg-4\">\r\n                            <div class=\"item\" data-ref=\"221007554\">\r\n                                <div class=\"top\">\r\n                                                                            <div class=\"img-wrap\">\r\n                                            <img decoding=\"async\" \r\n                                            class=\"d-block img-fluid w-100 lazy\" \r\n                                            src=\"https:\/\/www.tourisme-saverne.fr\/wp-content\/themes\/saverne\/assets\/img\/placeholder.gif\" \r\n                                            data-src=\"https:\/\/www.tourisme-saverne.fr\/de\/?resize=425,270&#038;updated=1655823945&#038;lei_img=https:\/\/apps.tourisme-alsace.info\/photos\/saverne\/photos\/221007554_1.JPG\" \r\n                                            alt=\"\u00a9Association Libres Ballons du Bastberg. Photo non contractuelle\"\r\n                                            title=\"\u00a9Association Libres Ballons du Bastberg. Photo non contractuelle\"\r\n                                             \/>\r\n                                        <\/div>\r\n                                                                    <\/div>\r\n                                <div class=\"content\">\r\n                                    <h4>Lochwiller<\/h4>\r\n                                    <h3>Hei\u00dfluftballonfl\u00fcge<\/h3>\r\n                                    <div class=\"lds-ring\"><div><\/div><div><\/div><div><\/div><div><\/div><\/div>\r\n                                <\/div>\r\n                            <\/div>\r\n                        <\/div>\r\n                                                                    <div class=\"item-col col-12 col-sm-6 col-lg-4\">\r\n                            <div class=\"item\" data-ref=\"221010301\">\r\n                                <div class=\"top\">\r\n                                                                            <div class=\"img-wrap\">\r\n                                            <img decoding=\"async\" \r\n                                            class=\"d-block img-fluid w-100 lazy\" \r\n                                            src=\"https:\/\/www.tourisme-saverne.fr\/wp-content\/themes\/saverne\/assets\/img\/placeholder.gif\" \r\n                                            data-src=\"https:\/\/www.tourisme-saverne.fr\/de\/?resize=425,270&#038;updated=1774622358&#038;lei_img=https:\/\/apps.tourisme-alsace.info\/photos\/saverne\/photos\/221010301_1.jpg\" \r\n                                            alt=\"\u00a9Office de Tourisme &#038; du Commerce du Pays de Saverne. Photo non contractuelle\"\r\n                                            title=\"\u00a9Office de Tourisme &#038; du Commerce du Pays de Saverne. Photo non contractuelle\"\r\n                                             \/>\r\n                                        <\/div>\r\n                                                                    <\/div>\r\n                                <div class=\"content\">\r\n                                    <h4>Saverne<\/h4>\r\n                                    <h3>Spielumfrage: Das Elixier des Klosters<\/h3>\r\n                                    <div class=\"lds-ring\"><div><\/div><div><\/div><div><\/div><div><\/div><\/div>\r\n                                <\/div>\r\n                            <\/div>\r\n                        <\/div>\r\n                                                                    <div class=\"item-col col-12 col-sm-6 col-lg-4\">\r\n                            <div class=\"item\" data-ref=\"221009586\">\r\n                                <div class=\"top\">\r\n                                                                            <div class=\"img-wrap\">\r\n                                            <img decoding=\"async\" \r\n                                            class=\"d-block img-fluid w-100 lazy\" \r\n                                            src=\"https:\/\/www.tourisme-saverne.fr\/wp-content\/themes\/saverne\/assets\/img\/placeholder.gif\" \r\n                                            data-src=\"https:\/\/www.tourisme-saverne.fr\/de\/?resize=425,270&#038;updated=1773227948&#038;lei_img=https:\/\/apps.tourisme-alsace.info\/photos\/saverne\/photos\/221009586_1.jpg\" \r\n                                            alt=\"\u00a9Midjourney\u00ae. Photo non contractuelle\"\r\n                                            title=\"\u00a9Midjourney\u00ae. Photo non contractuelle\"\r\n                                             \/>\r\n                                        <\/div>\r\n                                                                    <\/div>\r\n                                <div class=\"content\">\r\n                                    <h4>Marmoutier<\/h4>\r\n                                    <h3>Enqu\u00eate Game: Mysteri\u00f6ses Verschwinden<\/h3>\r\n                                    <div class=\"lds-ring\"><div><\/div><div><\/div><div><\/div><div><\/div><\/div>\r\n                                <\/div>\r\n                            <\/div>\r\n                        <\/div>\r\n                                                                    <div class=\"item-col col-12 col-sm-6 col-lg-4\">\r\n                            <div class=\"item\" data-ref=\"221008851\">\r\n                                <div class=\"top\">\r\n                                                                            <div class=\"img-wrap\">\r\n                                            <img decoding=\"async\" \r\n                                            class=\"d-block img-fluid w-100 lazy\" \r\n                                            src=\"https:\/\/www.tourisme-saverne.fr\/wp-content\/themes\/saverne\/assets\/img\/placeholder.gif\" \r\n                                            data-src=\"https:\/\/www.tourisme-saverne.fr\/de\/?resize=425,270&#038;updated=1773318191&#038;lei_img=https:\/\/apps.tourisme-alsace.info\/photos\/saverne\/photos\/221008851_1.jpg\" \r\n                                            alt=\"\u00a9Vincent SCHNEIDER. Photo non contractuelle\"\r\n                                            title=\"\u00a9Vincent SCHNEIDER. Photo non contractuelle\"\r\n                                             \/>\r\n                                        <\/div>\r\n                                                                    <\/div>\r\n                                <div class=\"content\">\r\n                                    <h4>Marmoutier<\/h4>\r\n                                    <h3>Organum XXI<\/h3>\r\n                                    <div class=\"lds-ring\"><div><\/div><div><\/div><div><\/div><div><\/div><\/div>\r\n                                <\/div>\r\n                            <\/div>\r\n                        <\/div>\r\n                                                                    <\/div>\r\n        <\/div>\r\n    <\/section>\r\n\n\n\n<p><\/p>\n","protected":false},"excerpt":{"rendered":"","protected":false},"author":1,"featured_media":962,"parent":0,"menu_order":50,"comment_status":"closed","ping_status":"closed","template":"","meta":{"_seopress_robots_primary_cat":"","_seopress_titles_title":"","_seopress_titles_desc":"","_seopress_robots_index":"","footnotes":""},"class_list":["post-1284","page","type-page","status-publish","has-post-thumbnail","hentry"],"acf":[],"_links":{"self":[{"href":"https:\/\/www.tourisme-saverne.fr\/de\/wp-json\/wp\/v2\/pages\/1284","targetHints":{"allow":["GET"]}}],"collection":[{"href":"https:\/\/www.tourisme-saverne.fr\/de\/wp-json\/wp\/v2\/pages"}],"about":[{"href":"https:\/\/www.tourisme-saverne.fr\/de\/wp-json\/wp\/v2\/types\/page"}],"author":[{"embeddable":true,"href":"https:\/\/www.tourisme-saverne.fr\/de\/wp-json\/wp\/v2\/users\/1"}],"replies":[{"embeddable":true,"href":"https:\/\/www.tourisme-saverne.fr\/de\/wp-json\/wp\/v2\/comments?post=1284"}],"version-history":[{"count":44,"href":"https:\/\/www.tourisme-saverne.fr\/de\/wp-json\/wp\/v2\/pages\/1284\/revisions"}],"predecessor-version":[{"id":15179,"href":"https:\/\/www.tourisme-saverne.fr\/de\/wp-json\/wp\/v2\/pages\/1284\/revisions\/15179"}],"wp:featuredmedia":[{"embeddable":true,"href":"https:\/\/www.tourisme-saverne.fr\/de\/wp-json\/wp\/v2\/media\/962"}],"wp:attachment":[{"href":"https:\/\/www.tourisme-saverne.fr\/de\/wp-json\/wp\/v2\/media?parent=1284"}],"curies":[{"name":"wp","href":"https:\/\/api.w.org\/{rel}","templated":true}]}}

<section id="block-intro-block_33db02c834f241558202abdfcc89f782" class="block-g block-intro alignfull">
    <div class="container">
        <div class="content">
                        <p>Sie möchten die Region einmal anders kennenlernen? Saverne ist ein bemerkenswertes Reiseziel. Entdecken Sie seine Geheimnisse durch einzigartige und außergewöhnliche Erfahrungen&#8230;. Genießen Sie einen Aperitif auf dem Wasser oder lassen Sie sich ein lokales Bier auf dem Dach des Rohan-Schlosses schmecken&#8230; und wer weiß, vielleicht treffen Sie sogar ein Einhorn!</p>
        </div>
    </div>
</section>


    <section id="block-lei-product-grid-block_691e11e1296f9d554b425db26701b5d2" class="block-g block-items items-grid alignfull" data-modele="default-lei">
                <div class="container">
            <div class="items-grid-content row">
                                                                                                                                                <div class="item-col col-12 col-sm-6 col-lg-4">
                            <div class="item" data-ref="221008232">
                                <div class="top">
                                                                            <div class="img-wrap">
                                            <img decoding="async" 
                                            class="d-block img-fluid w-100 lazy" 
                                            src="https://www.tourisme-saverne.fr/wp-content/themes/saverne/assets/img/placeholder.gif" 
                                            data-src="https://www.tourisme-saverne.fr/de/?resize=425,270&#038;updated=1755595877&#038;lei_img=https://apps.tourisme-alsace.info/photos/saverne/photos/221008232_1.jpg" 
                                            alt="©Office de Tourisme &#038; du Commerce du Pays de Saverne. Photo non contractuelle"
                                            title="©Office de Tourisme &#038; du Commerce du Pays de Saverne. Photo non contractuelle"
                                             />
                                        </div>
                                                                    </div>
                                <div class="content">
                                    <h4>Saverne</h4>
                                    <h3>Vintage Boat, Elektro-boote ohne Führerschein</h3>
                                    <div class="lds-ring"><div></div><div></div><div></div><div></div></div>
                                </div>
                            </div>
                        </div>
                                                                    <div class="item-col col-12 col-sm-6 col-lg-4">
                            <div class="item" data-ref="221008729">
                                <div class="top">
                                                                            <div class="img-wrap">
                                            <img decoding="async" 
                                            class="d-block img-fluid w-100 lazy" 
                                            src="https://www.tourisme-saverne.fr/wp-content/themes/saverne/assets/img/placeholder.gif" 
                                            data-src="https://www.tourisme-saverne.fr/de/?resize=425,270&#038;updated=1716976810&#038;lei_img=https://apps.tourisme-alsace.info/photos/saverne/photos/221008729_1.jpg" 
                                            alt="©Office de Tourisme &#038; du Commerce du Pays de Saverne. Photo non contractuelle"
                                            title="©Office de Tourisme &#038; du Commerce du Pays de Saverne. Photo non contractuelle"
                                             />
                                        </div>
                                                                    </div>
                                <div class="content">
                                    <h4>Saverne</h4>
                                    <h3>Aperitif-Boot</h3>
                                    <div class="lds-ring"><div></div><div></div><div></div><div></div></div>
                                </div>
                            </div>
                        </div>
                                                                    <div class="item-col col-12 col-sm-6 col-lg-4">
                            <div class="item" data-ref="221010170">
                                <div class="top">
                                                                            <div class="img-wrap">
                                            <img decoding="async" 
                                            class="d-block img-fluid w-100 lazy" 
                                            src="https://www.tourisme-saverne.fr/wp-content/themes/saverne/assets/img/placeholder.gif" 
                                            data-src="https://www.tourisme-saverne.fr/de/?resize=425,270&#038;updated=1772810552&#038;lei_img=https://apps.tourisme-alsace.info/photos/saverne/photos/221010170_1.jpg" 
                                            alt="©Office de Tourisme &#038; du Commerce du Pays de Saverne. Photo non contractuelle"
                                            title="©Office de Tourisme &#038; du Commerce du Pays de Saverne. Photo non contractuelle"
                                             />
                                        </div>
                                                                    </div>
                                <div class="content">
                                    <h4>Saverne</h4>
                                    <h3>Les Festinettes : Grillboote</h3>
                                    <div class="lds-ring"><div></div><div></div><div></div><div></div></div>
                                </div>
                            </div>
                        </div>
                                                                    <div class="item-col col-12 col-sm-6 col-lg-4">
                            <div class="item" data-ref="221004120">
                                <div class="top">
                                                                            <div class="img-wrap">
                                            <img decoding="async" 
                                            class="d-block img-fluid w-100 lazy" 
                                            src="https://www.tourisme-saverne.fr/wp-content/themes/saverne/assets/img/placeholder.gif" 
                                            data-src="https://www.tourisme-saverne.fr/de/?resize=425,270&#038;updated=1767785593&#038;lei_img=https://apps.tourisme-alsace.info/photos/saverne/photos/221004120_1.jpg" 
                                            alt="©Office de Tourisme et du Commerce du Pays de Saverne. Photo non contractuelle"
                                            title="©Office de Tourisme et du Commerce du Pays de Saverne. Photo non contractuelle"
                                             />
                                        </div>
                                                                    </div>
                                <div class="content">
                                    <h4>Saverne</h4>
                                    <h3>Bewundern Sie die 360°-Aussicht vom Dach des Rohan Schloss!</h3>
                                    <div class="lds-ring"><div></div><div></div><div></div><div></div></div>
                                </div>
                            </div>
                        </div>
                                                                    <div class="item-col col-12 col-sm-6 col-lg-4">
                            <div class="item" data-ref="221008260">
                                <div class="top">
                                                                            <div class="img-wrap">
                                            <img decoding="async" 
                                            class="d-block img-fluid w-100 lazy" 
                                            src="https://www.tourisme-saverne.fr/wp-content/themes/saverne/assets/img/placeholder.gif" 
                                            data-src="https://www.tourisme-saverne.fr/de/?resize=425,270&#038;updated=1656429420&#038;lei_img=https://apps.tourisme-alsace.info/photos/saverne/photos/221008260_1.jpg" 
                                            alt="©Schulzfoto - Adobe Stock®. Photo non contractuelle"
                                            title="©Schulzfoto - Adobe Stock®. Photo non contractuelle"
                                             />
                                        </div>
                                                                    </div>
                                <div class="content">
                                    <h4>Steinbourg</h4>
                                    <h3>ULM-Flug</h3>
                                    <div class="lds-ring"><div></div><div></div><div></div><div></div></div>
                                </div>
                            </div>
                        </div>
                                                                    <div class="item-col col-12 col-sm-6 col-lg-4">
                            <div class="item" data-ref="221007554">
                                <div class="top">
                                                                            <div class="img-wrap">
                                            <img decoding="async" 
                                            class="d-block img-fluid w-100 lazy" 
                                            src="https://www.tourisme-saverne.fr/wp-content/themes/saverne/assets/img/placeholder.gif" 
                                            data-src="https://www.tourisme-saverne.fr/de/?resize=425,270&#038;updated=1655823945&#038;lei_img=https://apps.tourisme-alsace.info/photos/saverne/photos/221007554_1.JPG" 
                                            alt="©Association Libres Ballons du Bastberg. Photo non contractuelle"
                                            title="©Association Libres Ballons du Bastberg. Photo non contractuelle"
                                             />
                                        </div>
                                                                    </div>
                                <div class="content">
                                    <h4>Lochwiller</h4>
                                    <h3>Heißluftballonflüge</h3>
                                    <div class="lds-ring"><div></div><div></div><div></div><div></div></div>
                                </div>
                            </div>
                        </div>
                                                                    <div class="item-col col-12 col-sm-6 col-lg-4">
                            <div class="item" data-ref="221010301">
                                <div class="top">
                                                                            <div class="img-wrap">
                                            <img decoding="async" 
                                            class="d-block img-fluid w-100 lazy" 
                                            src="https://www.tourisme-saverne.fr/wp-content/themes/saverne/assets/img/placeholder.gif" 
                                            data-src="https://www.tourisme-saverne.fr/de/?resize=425,270&#038;updated=1774622358&#038;lei_img=https://apps.tourisme-alsace.info/photos/saverne/photos/221010301_1.jpg" 
                                            alt="©Office de Tourisme &#038; du Commerce du Pays de Saverne. Photo non contractuelle"
                                            title="©Office de Tourisme &#038; du Commerce du Pays de Saverne. Photo non contractuelle"
                                             />
                                        </div>
                                                                    </div>
                                <div class="content">
                                    <h4>Saverne</h4>
                                    <h3>Spielumfrage: Das Elixier des Klosters</h3>
                                    <div class="lds-ring"><div></div><div></div><div></div><div></div></div>
                                </div>
                            </div>
                        </div>
                                                                    <div class="item-col col-12 col-sm-6 col-lg-4">
                            <div class="item" data-ref="221009586">
                                <div class="top">
                                                                            <div class="img-wrap">
                                            <img decoding="async" 
                                            class="d-block img-fluid w-100 lazy" 
                                            src="https://www.tourisme-saverne.fr/wp-content/themes/saverne/assets/img/placeholder.gif" 
                                            data-src="https://www.tourisme-saverne.fr/de/?resize=425,270&#038;updated=1773227948&#038;lei_img=https://apps.tourisme-alsace.info/photos/saverne/photos/221009586_1.jpg" 
                                            alt="©Midjourney®. Photo non contractuelle"
                                            title="©Midjourney®. Photo non contractuelle"
                                             />
                                        </div>
                                                                    </div>
                                <div class="content">
                                    <h4>Marmoutier</h4>
                                    <h3>Enquête Game: Mysteriöses Verschwinden</h3>
                                    <div class="lds-ring"><div></div><div></div><div></div><div></div></div>
                                </div>
                            </div>
                        </div>
                                                                    <div class="item-col col-12 col-sm-6 col-lg-4">
                            <div class="item" data-ref="221008851">
                                <div class="top">
                                                                            <div class="img-wrap">
                                            <img decoding="async" 
                                            class="d-block img-fluid w-100 lazy" 
                                            src="https://www.tourisme-saverne.fr/wp-content/themes/saverne/assets/img/placeholder.gif" 
                                            data-src="https://www.tourisme-saverne.fr/de/?resize=425,270&#038;updated=1773318191&#038;lei_img=https://apps.tourisme-alsace.info/photos/saverne/photos/221008851_1.jpg" 
                                            alt="©Vincent SCHNEIDER. Photo non contractuelle"
                                            title="©Vincent SCHNEIDER. Photo non contractuelle"
                                             />
                                        </div>
                                                                    </div>
                                <div class="content">
                                    <h4>Marmoutier</h4>
                                    <h3>Organum XXI</h3>
                                    <div class="lds-ring"><div></div><div></div><div></div><div></div></div>
                                </div>
                            </div>
                        </div>
                                                                    </div>
        </div>
    </section>



<p></p>
