{"id":1313,"date":"2019-07-15T15:46:22","date_gmt":"2019-07-15T13:46:22","guid":{"rendered":"https:\/\/www.tourisme-saverne.fr\/?page_id=1313"},"modified":"2025-10-30T10:09:10","modified_gmt":"2025-10-30T09:09:10","slug":"weihnachten","status":"publish","type":"page","link":"https:\/\/www.tourisme-saverne.fr\/de\/sehenswuerdigkeiten-aktivitaeten\/besichtigungen\/weihnachten\/","title":{"rendered":"Weihnachten"},"content":{"rendered":"<section id=\"block-intro-block_98b2312818faa1d0743b7d08ef8fa17c\" class=\"block-g block-intro alignfull\">\r\n    <div class=\"container\">\r\n        <div class=\"content\">\r\n                                            <p class=\"h5 mb-3 text-uppercase text-center\"><a href=\"https:\/\/www.tourisme-saverne.fr\/de\/sehenswuerdigkeiten-aktivitaeten\/\">Sehensw\u00fcrdigkeiten &#038; Aktivit\u00e4ten<\/a> \/ Weihnachten<\/p>\r\n                        <p>Reisen Sie in das Herz des Weihnachtszaubers im Elsass&#8230; Bei Einbruch der Dunkelheit versetzen die Fassaden, Schaufenster und Tannenb\u00e4ume der Einkaufsstra\u00dfe von Saverne Gro\u00df und Klein in Staunen. Eine festliche und bezaubernde Welt, in der es nach Gew\u00fcrzen, Gl\u00fchwein und &#8222;Bredele&#8220; duftet!<\/p>\n        <\/div>\r\n    <\/div>\r\n<\/section>\n\n\r\n    <div id=\"lei-single\" class=\"alignfull\">\r\n        <article class=\"item-single\">\r\n            <!-- AGENDA TEMPLATE -->\r\n<article class=\"agenda-single item-single\">\r\n    <div class=\"top-open\"><div class=\"arrow\"><\/div><\/div>\r\n    <div class=\"showbox\" style=\"display:none;\">\r\n        <button class=\"close\"><\/button>\r\n                \r\n        <div data-ref=\"221008445\" class=\"container-item-single\">\r\n            <h3 class=\"city\">Saverne<\/h3>\r\n            <h2 class=\"title\">Handwerkermarkt<\/h2>\r\n            <div class=\"description\">\r\n                            <\/div>\r\n        <\/div>\r\n        \r\n                    <div class=\"container\">\r\n            <div class=\"row gallery\">\r\n                                                                        <div class=\"col text-center\">\r\n                        <img decoding=\"async\"\r\n                        class=\"img-fluid\" src=\"https:\/\/www.tourisme-saverne.fr\/de\/?width=800&#038;updated&#038;lei_img=https:\/\/apps.tourisme-alsace.info\/photos\/saverne\/photos\/221008445_1.jpg\"\r\n                        alt=\"\u00a9Midjourney\u00ae. Photo non contractuelle\"\r\n                        title=\"\u00a9Midjourney\u00ae. Photo non contractuelle\"\r\n                        data-no-lazy=\"1\"\r\n                        \/>\r\n                    <\/div>\r\n\r\n                                                <\/div>\r\n            <div class=\"fullscreen-gallery\">\r\n                <button class=\"close\"><\/button>\r\n                <div class=\"lb-images\">\r\n                    <div class=\"lb-slides\">\r\n                        <div class=\"slide\"><img decoding=\"async\" class=\"img-fluid\" src=\"https:\/\/apps.tourisme-alsace.info\/photos\/saverne\/photos\/221008445_1.jpg\" alt=\"\u00a9Midjourney\u00ae. Photo non contractuelle\" title=\"\u00a9Midjourney\u00ae. Photo non contractuelle\" \/><\/div>                    <\/div>\r\n                <\/div>\r\n            <\/div>\r\n        <\/div>\r\n                \r\n        <div class=\"container-item-single\">\r\n            \r\n            <div class=\"lieu meta-data\">\r\n                <h3 class=\"h3\">Ort<\/h3>\r\n                <p>Port de plaisance<BR>67700 Saverne<\/p>\r\n            <\/div>\r\n                                                                        <div class=\"meta-data\">\r\n                <h3 class=\"h3\">Dates<\/h3>\r\n                <div>\r\n                                                                                                                \r\n                                                 So., 24. Mai 2026 von 10:00 bis 18:00<br\/>So., 28. Juni 2026 von 10:00 bis 18:00<br\/>Do., 23. Juli 2026 von 17:00 bis 22:00<br\/>Do., 13. August 2026 von 17:00 bis 22:00<br\/>                                                            <\/div>\r\n            <\/div>\r\n                                            <div class=\"meta-data\">\r\n                <h3 class=\"h3\">tarifs<\/h3>\r\n                <div>\r\n                                                                                                                \r\n                                                 Acc\u00e8s libre                                                            <\/div>\r\n            <\/div>\r\n                            <!--\r\n                        <div class=\"datetime meta-data\">\r\n                <h3 class=\"h3\">Datum & Uhrzeit<\/h3>\r\n\r\n                                                    \r\n            <\/div>\r\n                        -->\r\n            <!--\r\n                            <div class=\"tarif meta-data\">\r\n                    <h3 class=\"h3\">Preise<\/h3>\r\n                    <div>\r\n                                                                                                                            <\/div>\r\n                <\/div>\r\n                        -->\r\n                                    <div class=\"contact\">\r\n                <h3 class=\"h3\">Kontakt<\/h3>\r\n                                    <p>Cr\u00e9atis&#8217;\u00e2mes<\/p>\r\n                                <p>67700 Saverne<\/p>\r\n                                                            <p>T\u00e9l. 06 78 80 82 20                        <\/p>\r\n                                                                <p><a href=\"mailto:association.creatisames@gmail.com\">association.creatisames@gmail.com<\/a><\/p>\r\n                                                                    <\/div>\r\n        <\/div>\r\n            <iframe loading=\"lazy\"\r\n    width=\"100%\"\r\n    height=\"480\"\r\n    class=\"map\"\r\n    frameborder=\"0\" style=\"border:0\"\r\n    src=\"https:\/\/www.google.com\/maps\/embed\/v1\/place?key=AIzaSyDdd8JiZfwxwZ-JdULh3AwCfSwpkWeZJH8\r\n    &#038;q=48.7430380712753,7.36671924591065&#038;zoom=16\" allowfullscreen>\r\n    <\/iframe>\r\n        <\/div>\r\n<\/article>\r\n        <\/article>\r\n    <\/div>\r\n","protected":false},"excerpt":{"rendered":"","protected":false},"author":1,"featured_media":7702,"parent":1301,"menu_order":152,"comment_status":"closed","ping_status":"closed","template":"","meta":{"_seopress_robots_primary_cat":"","_seopress_titles_title":"","_seopress_titles_desc":"","_seopress_robots_index":"","footnotes":""},"class_list":["post-1313","page","type-page","status-publish","has-post-thumbnail","hentry"],"acf":[],"_links":{"self":[{"href":"https:\/\/www.tourisme-saverne.fr\/de\/wp-json\/wp\/v2\/pages\/1313","targetHints":{"allow":["GET"]}}],"collection":[{"href":"https:\/\/www.tourisme-saverne.fr\/de\/wp-json\/wp\/v2\/pages"}],"about":[{"href":"https:\/\/www.tourisme-saverne.fr\/de\/wp-json\/wp\/v2\/types\/page"}],"author":[{"embeddable":true,"href":"https:\/\/www.tourisme-saverne.fr\/de\/wp-json\/wp\/v2\/users\/1"}],"replies":[{"embeddable":true,"href":"https:\/\/www.tourisme-saverne.fr\/de\/wp-json\/wp\/v2\/comments?post=1313"}],"version-history":[{"count":60,"href":"https:\/\/www.tourisme-saverne.fr\/de\/wp-json\/wp\/v2\/pages\/1313\/revisions"}],"predecessor-version":[{"id":14772,"href":"https:\/\/www.tourisme-saverne.fr\/de\/wp-json\/wp\/v2\/pages\/1313\/revisions\/14772"}],"up":[{"embeddable":true,"href":"https:\/\/www.tourisme-saverne.fr\/de\/wp-json\/wp\/v2\/pages\/1301"}],"wp:featuredmedia":[{"embeddable":true,"href":"https:\/\/www.tourisme-saverne.fr\/de\/wp-json\/wp\/v2\/media\/7702"}],"wp:attachment":[{"href":"https:\/\/www.tourisme-saverne.fr\/de\/wp-json\/wp\/v2\/media?parent=1313"}],"curies":[{"name":"wp","href":"https:\/\/api.w.org\/{rel}","templated":true}]}}

<section id="block-intro-block_98b2312818faa1d0743b7d08ef8fa17c" class="block-g block-intro alignfull">
    <div class="container">
        <div class="content">
                                            <p class="h5 mb-3 text-uppercase text-center"><a href="https://www.tourisme-saverne.fr/de/sehenswuerdigkeiten-aktivitaeten/">Sehenswürdigkeiten &#038; Aktivitäten</a> / Weihnachten</p>
                        <p>Reisen Sie in das Herz des Weihnachtszaubers im Elsass&#8230; Bei Einbruch der Dunkelheit versetzen die Fassaden, Schaufenster und Tannenbäume der Einkaufsstraße von Saverne Groß und Klein in Staunen. Eine festliche und bezaubernde Welt, in der es nach Gewürzen, Glühwein und &#8222;Bredele&#8220; duftet!</p>
        </div>
    </div>
</section>


    <div id="lei-single" class="alignfull">
        <article class="item-single">
            <!-- AGENDA TEMPLATE -->
<article class="agenda-single item-single">
    <div class="top-open"><div class="arrow"></div></div>
    <div class="showbox" style="display:none;">
        <button class="close"></button>
                
        <div data-ref="221008445" class="container-item-single">
            <h3 class="city">Saverne</h3>
            <h2 class="title">Handwerkermarkt</h2>
            <div class="description">
                            </div>
        </div>
        
                    <div class="container">
            <div class="row gallery">
                                                                        <div class="col text-center">
                        <img decoding="async"
                        class="img-fluid" src="https://www.tourisme-saverne.fr/de/?width=800&#038;updated&#038;lei_img=https://apps.tourisme-alsace.info/photos/saverne/photos/221008445_1.jpg"
                        alt="©Midjourney®. Photo non contractuelle"
                        title="©Midjourney®. Photo non contractuelle"
                        data-no-lazy="1"
                        />
                    </div>

                                                </div>
            <div class="fullscreen-gallery">
                <button class="close"></button>
                <div class="lb-images">
                    <div class="lb-slides">
                        <div class="slide"><img decoding="async" class="img-fluid" src="https://apps.tourisme-alsace.info/photos/saverne/photos/221008445_1.jpg" alt="©Midjourney®. Photo non contractuelle" title="©Midjourney®. Photo non contractuelle" /></div>                    </div>
                </div>
            </div>
        </div>
                
        <div class="container-item-single">
            
            <div class="lieu meta-data">
                <h3 class="h3">Ort</h3>
                <p>Port de plaisance<BR>67700 Saverne</p>
            </div>
                                                                        <div class="meta-data">
                <h3 class="h3">Dates</h3>
                <div>
                                                                                                                
                                                 So., 24. Mai 2026 von 10:00 bis 18:00<br/>So., 28. Juni 2026 von 10:00 bis 18:00<br/>Do., 23. Juli 2026 von 17:00 bis 22:00<br/>Do., 13. August 2026 von 17:00 bis 22:00<br/>                                                            </div>
            </div>
                                            <div class="meta-data">
                <h3 class="h3">tarifs</h3>
                <div>
                                                                                                                
                                                 Accès libre                                                            </div>
            </div>
                            <!--
                        <div class="datetime meta-data">
                <h3 class="h3">Datum & Uhrzeit</h3>

                                                    
            </div>
                        -->
            <!--
                            <div class="tarif meta-data">
                    <h3 class="h3">Preise</h3>
                    <div>
                                                                                                                            </div>
                </div>
                        -->
                                    <div class="contact">
                <h3 class="h3">Kontakt</h3>
                                    <p>Créatis&#8217;âmes</p>
                                <p>67700 Saverne</p>
                                                            <p>Tél. 06 78 80 82 20                        </p>
                                                                <p><a href="mailto:association.creatisames@gmail.com">association.creatisames@gmail.com</a></p>
                                                                    </div>
        </div>
            <iframe loading="lazy"
    width="100%"
    height="480"
    class="map"
    frameborder="0" style="border:0"
    src="https://www.google.com/maps/embed/v1/place?key=AIzaSyDdd8JiZfwxwZ-JdULh3AwCfSwpkWeZJH8
    &#038;q=48.7430380712753,7.36671924591065&#038;zoom=16" allowfullscreen>
    </iframe>
        </div>
</article>
        </article>
    </div>
