{"id":1337,"date":"2019-07-15T15:57:07","date_gmt":"2019-07-15T13:57:07","guid":{"rendered":"https:\/\/www.tourisme-saverne.fr\/?page_id=1337"},"modified":"2026-04-09T12:42:18","modified_gmt":"2026-04-09T10:42:18","slug":"mountainbike","status":"publish","type":"page","link":"https:\/\/www.tourisme-saverne.fr\/de\/sehenswuerdigkeiten-aktivitaeten\/aktivitaeten\/mountainbike\/","title":{"rendered":"Mountainbike"},"content":{"rendered":"<section id=\"block-intro-block_7f284a166b028eb673d1367d0724c86d\" class=\"block-g block-intro alignfull\">\r\n    <div class=\"container\">\r\n        <div class=\"content\">\r\n                                            <p class=\"h5 mb-3 text-uppercase text-center\"><a href=\"https:\/\/www.tourisme-saverne.fr\/de\/sehenswuerdigkeiten-aktivitaeten\/\">Sehensw\u00fcrdigkeiten &#038; Aktivit\u00e4ten<\/a> \/ Mountainbike<\/p>\r\n                        <p>Erklimmen Sie die Gipfel der Region auf dem Fernwanderweg \u201eTravers\u00e9e du Massif des Vosges\u201c (TMV\u00ae) von Wissembourg nach Thann. Wer Nervenkitzel liebt, wird von dem mittelhohen Gebirge und den erstaunlichen Landschaften, die sich auf \u00fcber 400 km bis zum ber\u00fchmten Gro\u00dfen Belchen erstrecken, begeistert sein.<\/p>\n        <\/div>\r\n    <\/div>\r\n<\/section>\n\n\r\n    <section id=\"block-lei-product-grid-block_52473aeea9c3636bda1910faaf0c86ff\" class=\"block-g block-items items-grid alignfull\" data-modele=\"default-lei\">\r\n                <div class=\"container\">\r\n            <div class=\"items-grid-content row\">\r\n                                                                                                    <div class=\"item-col col-12 col-sm-6 col-lg-4\">\r\n                            <div class=\"item-group-title h-100\">\r\n                                <h2 class=\"text-center\">Circuits<\/h2>\r\n                            <\/div>\r\n                        <\/div>\r\n                                                                                                                <div class=\"item-col col-12 col-sm-6 col-lg-4\">\r\n                            <div class=\"item\" data-ref=\"221003993\">\r\n                                <div class=\"top\">\r\n                                                                            <div class=\"img-wrap\">\r\n                                            <img decoding=\"async\" \r\n                                            class=\"d-block img-fluid w-100 lazy\" \r\n                                            src=\"https:\/\/www.tourisme-saverne.fr\/wp-content\/themes\/saverne\/assets\/img\/placeholder.gif\" \r\n                                            data-src=\"https:\/\/www.tourisme-saverne.fr\/de\/?resize=425,270&#038;updated=1648564378&#038;lei_img=https:\/\/apps.tourisme-alsace.info\/photos\/saverne\/photos\/221003993_1.JPG\" \r\n                                            alt=\"\u00a9Antoine LUX. Photo non contractuelle\"\r\n                                            title=\"\u00a9Antoine LUX. Photo non contractuelle\"\r\n                                             \/>\r\n                                        <\/div>\r\n                                                                    <\/div>\r\n                                <div class=\"content\">\r\n                                    <h4>Saverne<\/h4>\r\n                                    <h3>Moutain Bike Strecke S1  : Stambach &#8211; Schleuse 24<\/h3>\r\n                                    <div class=\"lds-ring\"><div><\/div><div><\/div><div><\/div><div><\/div><\/div>\r\n                                <\/div>\r\n                            <\/div>\r\n                        <\/div>\r\n                                                                    <div class=\"item-col col-12 col-sm-6 col-lg-4\">\r\n                            <div class=\"item\" data-ref=\"221003994\">\r\n                                <div class=\"top\">\r\n                                                                            <div class=\"img-wrap\">\r\n                                            <img decoding=\"async\" \r\n                                            class=\"d-block img-fluid w-100 lazy\" \r\n                                            src=\"https:\/\/www.tourisme-saverne.fr\/wp-content\/themes\/saverne\/assets\/img\/placeholder.gif\" \r\n                                            data-src=\"https:\/\/www.tourisme-saverne.fr\/de\/?resize=425,270&#038;updated=1648564380&#038;lei_img=https:\/\/apps.tourisme-alsace.info\/photos\/saverne\/photos\/221003994_1.jpg\" \r\n                                            alt=\"\u00a9Office de Tourisme du Pays de Saverne. Photo non contractuelle\"\r\n                                            title=\"\u00a9Office de Tourisme du Pays de Saverne. Photo non contractuelle\"\r\n                                             \/>\r\n                                        <\/div>\r\n                                                                    <\/div>\r\n                                <div class=\"content\">\r\n                                    <h4>Saverne<\/h4>\r\n                                    <h3>Moutain Bike Strecke S2 : Haberhacker Forsthaus &#8211; Geisfelwasen<\/h3>\r\n                                    <div class=\"lds-ring\"><div><\/div><div><\/div><div><\/div><div><\/div><\/div>\r\n                                <\/div>\r\n                            <\/div>\r\n                        <\/div>\r\n                                                                    <div class=\"item-col col-12 col-sm-6 col-lg-4\">\r\n                            <div class=\"item\" data-ref=\"221003995\">\r\n                                <div class=\"top\">\r\n                                                                            <div class=\"img-wrap\">\r\n                                            <img decoding=\"async\" \r\n                                            class=\"d-block img-fluid w-100 lazy\" \r\n                                            src=\"https:\/\/www.tourisme-saverne.fr\/wp-content\/themes\/saverne\/assets\/img\/placeholder.gif\" \r\n                                            data-src=\"https:\/\/www.tourisme-saverne.fr\/de\/?resize=425,270&#038;updated=1661353021&#038;lei_img=https:\/\/apps.tourisme-alsace.info\/photos\/saverne\/photos\/221003995_1.jpg\" \r\n                                            alt=\"\u00a9J-Cl.KANNY - Moselle Tourisme - OT Pays de Dabo. Photo non contractuelle\"\r\n                                            title=\"\u00a9J-Cl.KANNY - Moselle Tourisme - OT Pays de Dabo. Photo non contractuelle\"\r\n                                             \/>\r\n                                        <\/div>\r\n                                                                    <\/div>\r\n                                <div class=\"content\">\r\n                                    <h4>Saverne<\/h4>\r\n                                    <h3>Moutain Bike Strecke S3 : La Hoube &#8211; Kempel<\/h3>\r\n                                    <div class=\"lds-ring\"><div><\/div><div><\/div><div><\/div><div><\/div><\/div>\r\n                                <\/div>\r\n                            <\/div>\r\n                        <\/div>\r\n                                                                    <div class=\"item-col col-12 col-sm-6 col-lg-4\">\r\n                            <div class=\"item\" data-ref=\"221003996\">\r\n                                <div class=\"top\">\r\n                                                                            <div class=\"img-wrap\">\r\n                                            <img decoding=\"async\" \r\n                                            class=\"d-block img-fluid w-100 lazy\" \r\n                                            src=\"https:\/\/www.tourisme-saverne.fr\/wp-content\/themes\/saverne\/assets\/img\/placeholder.gif\" \r\n                                            data-src=\"https:\/\/www.tourisme-saverne.fr\/de\/?resize=425,270&#038;updated=1648564383&#038;lei_img=https:\/\/apps.tourisme-alsace.info\/photos\/saverne\/photos\/221003996_1.jpg\" \r\n                                            alt=\"\u00a9Cindy WITTER. Photo non contractuelle\"\r\n                                            title=\"\u00a9Cindy WITTER. Photo non contractuelle\"\r\n                                             \/>\r\n                                        <\/div>\r\n                                                                    <\/div>\r\n                                <div class=\"content\">\r\n                                    <h4>Saverne<\/h4>\r\n                                    <h3>Moutain Bike Strecke S4 : Schleuse 27 &#8211; Spalte D1004 &#8211; Michelsberg &#8211; M\u00e9lanie Brunnen<\/h3>\r\n                                    <div class=\"lds-ring\"><div><\/div><div><\/div><div><\/div><div><\/div><\/div>\r\n                                <\/div>\r\n                            <\/div>\r\n                        <\/div>\r\n                                                                    <\/div>\r\n        <\/div>\r\n    <\/section>\r\n\n\n\r\n    <section id=\"block-lei-product-grid-block_92b56f33182ecda6cc6ff5e251bc42ee\" class=\"block-g block-items items-grid alignfull\" data-modele=\"default-lei\">\r\n                <div class=\"container\">\r\n            <div class=\"items-grid-content row\">\r\n                                                                                                    <div class=\"item-col col-12 col-sm-6 col-lg-4\">\r\n                            <div class=\"item-group-title h-100\">\r\n                                <h2 class=\"text-center\">R\u00e9paration<\/h2>\r\n                            <\/div>\r\n                        <\/div>\r\n                                                                                                                <div class=\"item-col col-12 col-sm-6 col-lg-4\">\r\n                            <div class=\"item\" data-ref=\"221001812\">\r\n                                <div class=\"top\">\r\n                                                                            <div class=\"img-wrap\">\r\n                                            <img decoding=\"async\" \r\n                                            class=\"d-block img-fluid w-100 lazy\" \r\n                                            src=\"https:\/\/www.tourisme-saverne.fr\/wp-content\/themes\/saverne\/assets\/img\/placeholder.gif\" \r\n                                            data-src=\"https:\/\/www.tourisme-saverne.fr\/de\/?resize=425,270&#038;updated=1747144143&#038;lei_img=https:\/\/apps.tourisme-alsace.info\/photos\/saverne\/photos\/221001812_1.JPG\" \r\n                                            alt=\"\u00a9Office de Tourisme du Pays de Saverne. Photo non contractuelle\"\r\n                                            title=\"\u00a9Office de Tourisme du Pays de Saverne. Photo non contractuelle\"\r\n                                             \/>\r\n                                        <\/div>\r\n                                                                    <\/div>\r\n                                <div class=\"content\">\r\n                                    <h4>Saverne<\/h4>\r\n                                    <h3>OHL Zyklen<\/h3>\r\n                                    <div class=\"lds-ring\"><div><\/div><div><\/div><div><\/div><div><\/div><\/div>\r\n                                <\/div>\r\n                            <\/div>\r\n                        <\/div>\r\n                                                                    <div class=\"item-col col-12 col-sm-6 col-lg-4\">\r\n                            <div class=\"item\" data-ref=\"221008685\">\r\n                                <div class=\"top\">\r\n                                                                            <div class=\"img-wrap\">\r\n                                            <img decoding=\"async\" \r\n                                            class=\"d-block img-fluid w-100 lazy\" \r\n                                            src=\"https:\/\/www.tourisme-saverne.fr\/wp-content\/themes\/saverne\/assets\/img\/placeholder.gif\" \r\n                                            data-src=\"https:\/\/www.tourisme-saverne.fr\/de\/?resize=425,270&#038;updated=1671285042&#038;lei_img=https:\/\/apps.tourisme-alsace.info\/photos\/saverne\/photos\/221008685_1.JPG\" \r\n                                            alt=\"\u00a9Office de Tourisme du Pays de Saverne. Photo non contractuelle\"\r\n                                            title=\"\u00a9Office de Tourisme du Pays de Saverne. Photo non contractuelle\"\r\n                                             \/>\r\n                                        <\/div>\r\n                                                                    <\/div>\r\n                                <div class=\"content\">\r\n                                    <h4>Saverne<\/h4>\r\n                                    <h3>Sako V\u00e9lo<\/h3>\r\n                                    <div class=\"lds-ring\"><div><\/div><div><\/div><div><\/div><div><\/div><\/div>\r\n                                <\/div>\r\n                            <\/div>\r\n                        <\/div>\r\n                                                                    <div class=\"item-col col-12 col-sm-6 col-lg-4\">\r\n                            <div class=\"item\" data-ref=\"221008740\">\r\n                                <div class=\"top\">\r\n                                                                            <div class=\"img-wrap\">\r\n                                            <img decoding=\"async\" \r\n                                            class=\"d-block img-fluid w-100 lazy\" \r\n                                            src=\"https:\/\/www.tourisme-saverne.fr\/wp-content\/themes\/saverne\/assets\/img\/placeholder.gif\" \r\n                                            data-src=\"https:\/\/www.tourisme-saverne.fr\/de\/?resize=425,270&#038;updated=1775737989&#038;lei_img=https:\/\/apps.tourisme-alsace.info\/photos\/saverne\/photos\/221008740_1.jpg\" \r\n                                            alt=\"\u00a9Office de Tourisme &#038; du Commerce du Pays de Saverne. Photo non contractuelle\"\r\n                                            title=\"\u00a9Office de Tourisme &#038; du Commerce du Pays de Saverne. Photo non contractuelle\"\r\n                                             \/>\r\n                                        <\/div>\r\n                                                                    <\/div>\r\n                                <div class=\"content\">\r\n                                    <h4>Marmoutier<\/h4>\r\n                                    <h3>KF Bike Shop<\/h3>\r\n                                    <div class=\"lds-ring\"><div><\/div><div><\/div><div><\/div><div><\/div><\/div>\r\n                                <\/div>\r\n                            <\/div>\r\n                        <\/div>\r\n                                                                    <\/div>\r\n        <\/div>\r\n    <\/section>\r\n","protected":false},"excerpt":{"rendered":"","protected":false},"author":1,"featured_media":787,"parent":1321,"menu_order":95,"comment_status":"closed","ping_status":"closed","template":"","meta":{"_seopress_robots_primary_cat":"","_seopress_titles_title":"","_seopress_titles_desc":"","_seopress_robots_index":"","footnotes":""},"class_list":["post-1337","page","type-page","status-publish","has-post-thumbnail","hentry"],"acf":[],"_links":{"self":[{"href":"https:\/\/www.tourisme-saverne.fr\/de\/wp-json\/wp\/v2\/pages\/1337","targetHints":{"allow":["GET"]}}],"collection":[{"href":"https:\/\/www.tourisme-saverne.fr\/de\/wp-json\/wp\/v2\/pages"}],"about":[{"href":"https:\/\/www.tourisme-saverne.fr\/de\/wp-json\/wp\/v2\/types\/page"}],"author":[{"embeddable":true,"href":"https:\/\/www.tourisme-saverne.fr\/de\/wp-json\/wp\/v2\/users\/1"}],"replies":[{"embeddable":true,"href":"https:\/\/www.tourisme-saverne.fr\/de\/wp-json\/wp\/v2\/comments?post=1337"}],"version-history":[{"count":8,"href":"https:\/\/www.tourisme-saverne.fr\/de\/wp-json\/wp\/v2\/pages\/1337\/revisions"}],"predecessor-version":[{"id":16038,"href":"https:\/\/www.tourisme-saverne.fr\/de\/wp-json\/wp\/v2\/pages\/1337\/revisions\/16038"}],"up":[{"embeddable":true,"href":"https:\/\/www.tourisme-saverne.fr\/de\/wp-json\/wp\/v2\/pages\/1321"}],"wp:featuredmedia":[{"embeddable":true,"href":"https:\/\/www.tourisme-saverne.fr\/de\/wp-json\/wp\/v2\/media\/787"}],"wp:attachment":[{"href":"https:\/\/www.tourisme-saverne.fr\/de\/wp-json\/wp\/v2\/media?parent=1337"}],"curies":[{"name":"wp","href":"https:\/\/api.w.org\/{rel}","templated":true}]}}

<section id="block-intro-block_7f284a166b028eb673d1367d0724c86d" class="block-g block-intro alignfull">
    <div class="container">
        <div class="content">
                                            <p class="h5 mb-3 text-uppercase text-center"><a href="https://www.tourisme-saverne.fr/de/sehenswuerdigkeiten-aktivitaeten/">Sehenswürdigkeiten &#038; Aktivitäten</a> / Mountainbike</p>
                        <p>Erklimmen Sie die Gipfel der Region auf dem Fernwanderweg „Traversée du Massif des Vosges“ (TMV®) von Wissembourg nach Thann. Wer Nervenkitzel liebt, wird von dem mittelhohen Gebirge und den erstaunlichen Landschaften, die sich auf über 400 km bis zum berühmten Großen Belchen erstrecken, begeistert sein.</p>
        </div>
    </div>
</section>


    <section id="block-lei-product-grid-block_52473aeea9c3636bda1910faaf0c86ff" class="block-g block-items items-grid alignfull" data-modele="default-lei">
                <div class="container">
            <div class="items-grid-content row">
                                                                                                    <div class="item-col col-12 col-sm-6 col-lg-4">
                            <div class="item-group-title h-100">
                                <h2 class="text-center">Circuits</h2>
                            </div>
                        </div>
                                                                                                                <div class="item-col col-12 col-sm-6 col-lg-4">
                            <div class="item" data-ref="221003993">
                                <div class="top">
                                                                            <div class="img-wrap">
                                            <img decoding="async" 
                                            class="d-block img-fluid w-100 lazy" 
                                            src="https://www.tourisme-saverne.fr/wp-content/themes/saverne/assets/img/placeholder.gif" 
                                            data-src="https://www.tourisme-saverne.fr/de/?resize=425,270&#038;updated=1648564378&#038;lei_img=https://apps.tourisme-alsace.info/photos/saverne/photos/221003993_1.JPG" 
                                            alt="©Antoine LUX. Photo non contractuelle"
                                            title="©Antoine LUX. Photo non contractuelle"
                                             />
                                        </div>
                                                                    </div>
                                <div class="content">
                                    <h4>Saverne</h4>
                                    <h3>Moutain Bike Strecke S1  : Stambach &#8211; Schleuse 24</h3>
                                    <div class="lds-ring"><div></div><div></div><div></div><div></div></div>
                                </div>
                            </div>
                        </div>
                                                                    <div class="item-col col-12 col-sm-6 col-lg-4">
                            <div class="item" data-ref="221003994">
                                <div class="top">
                                                                            <div class="img-wrap">
                                            <img decoding="async" 
                                            class="d-block img-fluid w-100 lazy" 
                                            src="https://www.tourisme-saverne.fr/wp-content/themes/saverne/assets/img/placeholder.gif" 
                                            data-src="https://www.tourisme-saverne.fr/de/?resize=425,270&#038;updated=1648564380&#038;lei_img=https://apps.tourisme-alsace.info/photos/saverne/photos/221003994_1.jpg" 
                                            alt="©Office de Tourisme du Pays de Saverne. Photo non contractuelle"
                                            title="©Office de Tourisme du Pays de Saverne. Photo non contractuelle"
                                             />
                                        </div>
                                                                    </div>
                                <div class="content">
                                    <h4>Saverne</h4>
                                    <h3>Moutain Bike Strecke S2 : Haberhacker Forsthaus &#8211; Geisfelwasen</h3>
                                    <div class="lds-ring"><div></div><div></div><div></div><div></div></div>
                                </div>
                            </div>
                        </div>
                                                                    <div class="item-col col-12 col-sm-6 col-lg-4">
                            <div class="item" data-ref="221003995">
                                <div class="top">
                                                                            <div class="img-wrap">
                                            <img decoding="async" 
                                            class="d-block img-fluid w-100 lazy" 
                                            src="https://www.tourisme-saverne.fr/wp-content/themes/saverne/assets/img/placeholder.gif" 
                                            data-src="https://www.tourisme-saverne.fr/de/?resize=425,270&#038;updated=1661353021&#038;lei_img=https://apps.tourisme-alsace.info/photos/saverne/photos/221003995_1.jpg" 
                                            alt="©J-Cl.KANNY - Moselle Tourisme - OT Pays de Dabo. Photo non contractuelle"
                                            title="©J-Cl.KANNY - Moselle Tourisme - OT Pays de Dabo. Photo non contractuelle"
                                             />
                                        </div>
                                                                    </div>
                                <div class="content">
                                    <h4>Saverne</h4>
                                    <h3>Moutain Bike Strecke S3 : La Hoube &#8211; Kempel</h3>
                                    <div class="lds-ring"><div></div><div></div><div></div><div></div></div>
                                </div>
                            </div>
                        </div>
                                                                    <div class="item-col col-12 col-sm-6 col-lg-4">
                            <div class="item" data-ref="221003996">
                                <div class="top">
                                                                            <div class="img-wrap">
                                            <img decoding="async" 
                                            class="d-block img-fluid w-100 lazy" 
                                            src="https://www.tourisme-saverne.fr/wp-content/themes/saverne/assets/img/placeholder.gif" 
                                            data-src="https://www.tourisme-saverne.fr/de/?resize=425,270&#038;updated=1648564383&#038;lei_img=https://apps.tourisme-alsace.info/photos/saverne/photos/221003996_1.jpg" 
                                            alt="©Cindy WITTER. Photo non contractuelle"
                                            title="©Cindy WITTER. Photo non contractuelle"
                                             />
                                        </div>
                                                                    </div>
                                <div class="content">
                                    <h4>Saverne</h4>
                                    <h3>Moutain Bike Strecke S4 : Schleuse 27 &#8211; Spalte D1004 &#8211; Michelsberg &#8211; Mélanie Brunnen</h3>
                                    <div class="lds-ring"><div></div><div></div><div></div><div></div></div>
                                </div>
                            </div>
                        </div>
                                                                    </div>
        </div>
    </section>



    <section id="block-lei-product-grid-block_92b56f33182ecda6cc6ff5e251bc42ee" class="block-g block-items items-grid alignfull" data-modele="default-lei">
                <div class="container">
            <div class="items-grid-content row">
                                                                                                    <div class="item-col col-12 col-sm-6 col-lg-4">
                            <div class="item-group-title h-100">
                                <h2 class="text-center">Réparation</h2>
                            </div>
                        </div>
                                                                                                                <div class="item-col col-12 col-sm-6 col-lg-4">
                            <div class="item" data-ref="221001812">
                                <div class="top">
                                                                            <div class="img-wrap">
                                            <img decoding="async" 
                                            class="d-block img-fluid w-100 lazy" 
                                            src="https://www.tourisme-saverne.fr/wp-content/themes/saverne/assets/img/placeholder.gif" 
                                            data-src="https://www.tourisme-saverne.fr/de/?resize=425,270&#038;updated=1747144143&#038;lei_img=https://apps.tourisme-alsace.info/photos/saverne/photos/221001812_1.JPG" 
                                            alt="©Office de Tourisme du Pays de Saverne. Photo non contractuelle"
                                            title="©Office de Tourisme du Pays de Saverne. Photo non contractuelle"
                                             />
                                        </div>
                                                                    </div>
                                <div class="content">
                                    <h4>Saverne</h4>
                                    <h3>OHL Zyklen</h3>
                                    <div class="lds-ring"><div></div><div></div><div></div><div></div></div>
                                </div>
                            </div>
                        </div>
                                                                    <div class="item-col col-12 col-sm-6 col-lg-4">
                            <div class="item" data-ref="221008685">
                                <div class="top">
                                                                            <div class="img-wrap">
                                            <img decoding="async" 
                                            class="d-block img-fluid w-100 lazy" 
                                            src="https://www.tourisme-saverne.fr/wp-content/themes/saverne/assets/img/placeholder.gif" 
                                            data-src="https://www.tourisme-saverne.fr/de/?resize=425,270&#038;updated=1671285042&#038;lei_img=https://apps.tourisme-alsace.info/photos/saverne/photos/221008685_1.JPG" 
                                            alt="©Office de Tourisme du Pays de Saverne. Photo non contractuelle"
                                            title="©Office de Tourisme du Pays de Saverne. Photo non contractuelle"
                                             />
                                        </div>
                                                                    </div>
                                <div class="content">
                                    <h4>Saverne</h4>
                                    <h3>Sako Vélo</h3>
                                    <div class="lds-ring"><div></div><div></div><div></div><div></div></div>
                                </div>
                            </div>
                        </div>
                                                                    <div class="item-col col-12 col-sm-6 col-lg-4">
                            <div class="item" data-ref="221008740">
                                <div class="top">
                                                                            <div class="img-wrap">
                                            <img decoding="async" 
                                            class="d-block img-fluid w-100 lazy" 
                                            src="https://www.tourisme-saverne.fr/wp-content/themes/saverne/assets/img/placeholder.gif" 
                                            data-src="https://www.tourisme-saverne.fr/de/?resize=425,270&#038;updated=1775737989&#038;lei_img=https://apps.tourisme-alsace.info/photos/saverne/photos/221008740_1.jpg" 
                                            alt="©Office de Tourisme &#038; du Commerce du Pays de Saverne. Photo non contractuelle"
                                            title="©Office de Tourisme &#038; du Commerce du Pays de Saverne. Photo non contractuelle"
                                             />
                                        </div>
                                                                    </div>
                                <div class="content">
                                    <h4>Marmoutier</h4>
                                    <h3>KF Bike Shop</h3>
                                    <div class="lds-ring"><div></div><div></div><div></div><div></div></div>
                                </div>
                            </div>
                        </div>
                                                                    </div>
        </div>
    </section>
