{"id":1359,"date":"2019-07-15T16:35:37","date_gmt":"2019-07-15T14:35:37","guid":{"rendered":"https:\/\/www.tourisme-saverne.fr\/?page_id=1359"},"modified":"2026-03-10T14:37:51","modified_gmt":"2026-03-10T13:37:51","slug":"shopping","status":"publish","type":"page","link":"https:\/\/www.tourisme-saverne.fr\/de\/sehenswuerdigkeiten-aktivitaeten\/aktivitaeten\/shopping\/","title":{"rendered":"Shopping"},"content":{"rendered":"<section id=\"block-intro-block_e09578ebec9c1bc0e74d538b5eb0defc\" class=\"block-g block-intro alignfull\">\r\n    <div class=\"container\">\r\n        <div class=\"content\">\r\n                                            <p class=\"h5 mb-3 text-uppercase text-center\"><a href=\"https:\/\/www.tourisme-saverne.fr\/de\/sehenswuerdigkeiten-aktivitaeten\/\">Sehensw\u00fcrdigkeiten &#038; Aktivit\u00e4ten<\/a> \/ Shopping<\/p>\r\n                        <p>Nutzen Sie Ihren Aufenthalt im Elsass, um durch die Innenstadt von Saverne und ihre belebte Fu\u00dfg\u00e4ngerzone zu schlendern. Zwischen Boutiquen und Gourmet-Adressen finden Sie Souvenirs, lokale Spezialit\u00e4ten, regionale Produkte und Geschenkideen, die Sie mit nach Hause nehmen k\u00f6nnen, um anderen eine Freude zu machen und Ihr Elsass-Erlebnis zu verl\u00e4ngern!<\/p>\n        <\/div>\r\n    <\/div>\r\n<\/section>\n\n\r\n    <section id=\"block-lei-product-grid-block_3fea9e4d9791cb52618ab6d50b501346\" class=\"block-g block-items items-grid alignfull\" data-modele=\"default-lei\">\r\n                <div class=\"container\">\r\n            <div class=\"items-grid-content row\">\r\n                                                                                                                                                <div class=\"item-col col-12 col-sm-6 col-lg-4\">\r\n                            <div class=\"item\" data-ref=\"221009315\">\r\n                                <div class=\"top\">\r\n                                                                            <div class=\"img-wrap\">\r\n                                            <img decoding=\"async\" \r\n                                            class=\"d-block img-fluid w-100 lazy\" \r\n                                            src=\"https:\/\/www.tourisme-saverne.fr\/wp-content\/themes\/saverne\/assets\/img\/placeholder.gif\" \r\n                                            data-src=\"https:\/\/www.tourisme-saverne.fr\/de\/?resize=425,270&#038;updated=1776338517&#038;lei_img=https:\/\/apps.tourisme-alsace.info\/photos\/saverne\/photos\/221009315_1.jpg\" \r\n                                            alt=\"\u00a9Office de Tourisme &#038; du Commerce du Pays de Saverne. Photo non contractuelle\"\r\n                                            title=\"\u00a9Office de Tourisme &#038; du Commerce du Pays de Saverne. Photo non contractuelle\"\r\n                                             \/>\r\n                                        <\/div>\r\n                                                                    <\/div>\r\n                                <div class=\"content\">\r\n                                    <h4>Saverne<\/h4>\r\n                                    <h3>Shopping &#038; Pays de Saverne, Ihr Treueprogramm!<\/h3>\r\n                                    <div class=\"lds-ring\"><div><\/div><div><\/div><div><\/div><div><\/div><\/div>\r\n                                <\/div>\r\n                            <\/div>\r\n                        <\/div>\r\n                                                                    <div class=\"item-col col-12 col-sm-6 col-lg-4\">\r\n                            <div class=\"item\" data-ref=\"221003668\">\r\n                                <div class=\"top\">\r\n                                                                            <div class=\"img-wrap\">\r\n                                            <img decoding=\"async\" \r\n                                            class=\"d-block img-fluid w-100 lazy\" \r\n                                            src=\"https:\/\/www.tourisme-saverne.fr\/wp-content\/themes\/saverne\/assets\/img\/placeholder.gif\" \r\n                                            data-src=\"https:\/\/www.tourisme-saverne.fr\/de\/?resize=425,270&#038;updated=1648119648&#038;lei_img=https:\/\/apps.tourisme-alsace.info\/photos\/saverne\/photos\/221003668_1.jpg\" \r\n                                            alt=\"\u00a9Coline ROMAIRE. Photo non contractuelle\"\r\n                                            title=\"\u00a9Coline ROMAIRE. Photo non contractuelle\"\r\n                                             \/>\r\n                                        <\/div>\r\n                                                                    <\/div>\r\n                                <div class=\"content\">\r\n                                    <h4>Saverne<\/h4>\r\n                                    <h3>La D\u00e9licath\u00e8que<\/h3>\r\n                                    <div class=\"lds-ring\"><div><\/div><div><\/div><div><\/div><div><\/div><\/div>\r\n                                <\/div>\r\n                            <\/div>\r\n                        <\/div>\r\n                                                                    <div class=\"item-col col-12 col-sm-6 col-lg-4\">\r\n                            <div class=\"item\" data-ref=\"221009041\">\r\n                                <div class=\"top\">\r\n                                                                            <div class=\"img-wrap\">\r\n                                            <img decoding=\"async\" \r\n                                            class=\"d-block img-fluid w-100 lazy\" \r\n                                            src=\"https:\/\/www.tourisme-saverne.fr\/wp-content\/themes\/saverne\/assets\/img\/placeholder.gif\" \r\n                                            data-src=\"https:\/\/www.tourisme-saverne.fr\/de\/?resize=425,270&#038;updated=1648119580&#038;lei_img=https:\/\/apps.tourisme-alsace.info\/photos\/saverne\/photos\/221009041_1.jpg\" \r\n                                            alt=\"\u00a9Coline ROMAIRE. Photo non contractuelle\"\r\n                                            title=\"\u00a9Coline ROMAIRE. Photo non contractuelle\"\r\n                                             \/>\r\n                                        <\/div>\r\n                                                                    <\/div>\r\n                                <div class=\"content\">\r\n                                    <h4>Saverne<\/h4>\r\n                                    <h3>Droguerie Parfumerie Stemmer<\/h3>\r\n                                    <div class=\"lds-ring\"><div><\/div><div><\/div><div><\/div><div><\/div><\/div>\r\n                                <\/div>\r\n                            <\/div>\r\n                        <\/div>\r\n                                                                    <div class=\"item-col col-12 col-sm-6 col-lg-4\">\r\n                            <div class=\"item\" data-ref=\"221010187\">\r\n                                <div class=\"top\">\r\n                                                                            <div class=\"img-wrap empty\"><\/div>\r\n                                                                    <\/div>\r\n                                <div class=\"content\">\r\n                                    <h4>Saverne<\/h4>\r\n                                    <h3>Denivele +<\/h3>\r\n                                    <div class=\"lds-ring\"><div><\/div><div><\/div><div><\/div><div><\/div><\/div>\r\n                                <\/div>\r\n                            <\/div>\r\n                        <\/div>\r\n                                                                    <div class=\"item-col col-12 col-sm-6 col-lg-4\">\r\n                            <div class=\"item\" data-ref=\"221005007\">\r\n                                <div class=\"top\">\r\n                                                                            <div class=\"img-wrap\">\r\n                                            <img decoding=\"async\" \r\n                                            class=\"d-block img-fluid w-100 lazy\" \r\n                                            src=\"https:\/\/www.tourisme-saverne.fr\/wp-content\/themes\/saverne\/assets\/img\/placeholder.gif\" \r\n                                            data-src=\"https:\/\/www.tourisme-saverne.fr\/de\/?resize=425,270&#038;updated=1614159498&#038;lei_img=https:\/\/apps.tourisme-alsace.info\/photos\/saverne\/photos\/221005007_1.jpg\" \r\n                                            alt=\"\u00a9Office de Tourisme du Pays de Saverne. Photo non contractuelle\"\r\n                                            title=\"\u00a9Office de Tourisme du Pays de Saverne. Photo non contractuelle\"\r\n                                             \/>\r\n                                        <\/div>\r\n                                                                    <\/div>\r\n                                <div class=\"content\">\r\n                                    <h4>Saverne<\/h4>\r\n                                    <h3>Sommellerie de France<\/h3>\r\n                                    <div class=\"lds-ring\"><div><\/div><div><\/div><div><\/div><div><\/div><\/div>\r\n                                <\/div>\r\n                            <\/div>\r\n                        <\/div>\r\n                                                                    <div class=\"item-col col-12 col-sm-6 col-lg-4\">\r\n                            <div class=\"item\" data-ref=\"221009043\">\r\n                                <div class=\"top\">\r\n                                                                            <div class=\"img-wrap\">\r\n                                            <img decoding=\"async\" \r\n                                            class=\"d-block img-fluid w-100 lazy\" \r\n                                            src=\"https:\/\/www.tourisme-saverne.fr\/wp-content\/themes\/saverne\/assets\/img\/placeholder.gif\" \r\n                                            data-src=\"https:\/\/www.tourisme-saverne.fr\/de\/?resize=425,270&#038;updated=1614160258&#038;lei_img=https:\/\/apps.tourisme-alsace.info\/photos\/saverne\/photos\/221009043_1.jpg\" \r\n                                            alt=\"\u00a9Office de Tourisme du Pays de Saverne. Photo non contractuelle\"\r\n                                            title=\"\u00a9Office de Tourisme du Pays de Saverne. Photo non contractuelle\"\r\n                                             \/>\r\n                                        <\/div>\r\n                                                                    <\/div>\r\n                                <div class=\"content\">\r\n                                    <h4>Monswiller<\/h4>\r\n                                    <h3>Roi des Vins<\/h3>\r\n                                    <div class=\"lds-ring\"><div><\/div><div><\/div><div><\/div><div><\/div><\/div>\r\n                                <\/div>\r\n                            <\/div>\r\n                        <\/div>\r\n                                                                    <div class=\"item-col col-12 col-sm-6 col-lg-4\">\r\n                            <div class=\"item\" data-ref=\"221001272\">\r\n                                <div class=\"top\">\r\n                                                                            <div class=\"img-wrap\">\r\n                                            <img decoding=\"async\" \r\n                                            class=\"d-block img-fluid w-100 lazy\" \r\n                                            src=\"https:\/\/www.tourisme-saverne.fr\/wp-content\/themes\/saverne\/assets\/img\/placeholder.gif\" \r\n                                            data-src=\"https:\/\/www.tourisme-saverne.fr\/de\/?resize=425,270&#038;updated=1774975869&#038;lei_img=https:\/\/apps.tourisme-alsace.info\/photos\/saverne\/photos\/221001272_1.JPG\" \r\n                                            alt=\"\u00a9Office de Tourisme du Pays de Saverne. Photo non contractuelle\"\r\n                                            title=\"\u00a9Office de Tourisme du Pays de Saverne. Photo non contractuelle\"\r\n                                             \/>\r\n                                        <\/div>\r\n                                                                    <\/div>\r\n                                <div class=\"content\">\r\n                                    <h4>Monswiller<\/h4>\r\n                                    <h3>Chocolaterie Jacques Bockel<\/h3>\r\n                                    <div class=\"lds-ring\"><div><\/div><div><\/div><div><\/div><div><\/div><\/div>\r\n                                <\/div>\r\n                            <\/div>\r\n                        <\/div>\r\n                                                                    <div class=\"item-col col-12 col-sm-6 col-lg-4\">\r\n                            <div class=\"item\" data-ref=\"221009060\">\r\n                                <div class=\"top\">\r\n                                                                            <div class=\"img-wrap\">\r\n                                            <img decoding=\"async\" \r\n                                            class=\"d-block img-fluid w-100 lazy\" \r\n                                            src=\"https:\/\/www.tourisme-saverne.fr\/wp-content\/themes\/saverne\/assets\/img\/placeholder.gif\" \r\n                                            data-src=\"https:\/\/www.tourisme-saverne.fr\/de\/?resize=425,270&#038;updated=1774975920&#038;lei_img=https:\/\/apps.tourisme-alsace.info\/photos\/saverne\/photos\/221009060_1.jpg\" \r\n                                            alt=\"\u00a9Office de Tourisme du Pays de Saverne. Photo non contractuelle.\"\r\n                                            title=\"\u00a9Office de Tourisme du Pays de Saverne. Photo non contractuelle.\"\r\n                                             \/>\r\n                                        <\/div>\r\n                                                                    <\/div>\r\n                                <div class=\"content\">\r\n                                    <h4>Monswiller<\/h4>\r\n                                    <h3>Handgemachte Seifen<\/h3>\r\n                                    <div class=\"lds-ring\"><div><\/div><div><\/div><div><\/div><div><\/div><\/div>\r\n                                <\/div>\r\n                            <\/div>\r\n                        <\/div>\r\n                                                                    <div class=\"item-col col-12 col-sm-6 col-lg-4\">\r\n                            <div class=\"item\" data-ref=\"221001738\">\r\n                                <div class=\"top\">\r\n                                                                            <div class=\"img-wrap\">\r\n                                            <img decoding=\"async\" \r\n                                            class=\"d-block img-fluid w-100 lazy\" \r\n                                            src=\"https:\/\/www.tourisme-saverne.fr\/wp-content\/themes\/saverne\/assets\/img\/placeholder.gif\" \r\n                                            data-src=\"https:\/\/www.tourisme-saverne.fr\/de\/?resize=425,270&#038;updated=1723653401&#038;lei_img=https:\/\/apps.tourisme-alsace.info\/photos\/saverne\/photos\/221001738_1.jpg\" \r\n                                            alt=\"\u00a9Heschung. Photo non contractuelle\"\r\n                                            title=\"\u00a9Heschung. Photo non contractuelle\"\r\n                                             \/>\r\n                                        <\/div>\r\n                                                                    <\/div>\r\n                                <div class=\"content\">\r\n                                    <h4>Steinbourg<\/h4>\r\n                                    <h3>Handelsgesch\u00e4fft der Heschung-Fabrik<\/h3>\r\n                                    <div class=\"lds-ring\"><div><\/div><div><\/div><div><\/div><div><\/div><\/div>\r\n                                <\/div>\r\n                            <\/div>\r\n                        <\/div>\r\n                                                                    <div class=\"item-col col-12 col-sm-6 col-lg-4\">\r\n                            <div class=\"item\" data-ref=\"221006635\">\r\n                                <div class=\"top\">\r\n                                                                            <div class=\"img-wrap\">\r\n                                            <img decoding=\"async\" \r\n                                            class=\"d-block img-fluid w-100 lazy\" \r\n                                            src=\"https:\/\/www.tourisme-saverne.fr\/wp-content\/themes\/saverne\/assets\/img\/placeholder.gif\" \r\n                                            data-src=\"https:\/\/www.tourisme-saverne.fr\/de\/?resize=425,270&#038;updated=1648119840&#038;lei_img=https:\/\/apps.tourisme-alsace.info\/photos\/saverne\/photos\/221006635_1.jpg\" \r\n                                            alt=\"\u00a9Office de Tourisme du Pays de Saverne. Photo non contractuelle\"\r\n                                            title=\"\u00a9Office de Tourisme du Pays de Saverne. Photo non contractuelle\"\r\n                                             \/>\r\n                                        <\/div>\r\n                                                                    <\/div>\r\n                                <div class=\"content\">\r\n                                    <h4>Landersheim<\/h4>\r\n                                    <h3>Adidas\u00ae-Fabrikverkauf<\/h3>\r\n                                    <div class=\"lds-ring\"><div><\/div><div><\/div><div><\/div><div><\/div><\/div>\r\n                                <\/div>\r\n                            <\/div>\r\n                        <\/div>\r\n                                                                    <\/div>\r\n        <\/div>\r\n    <\/section>\r\n","protected":false},"excerpt":{"rendered":"","protected":false},"author":1,"featured_media":801,"parent":1321,"menu_order":105,"comment_status":"closed","ping_status":"closed","template":"","meta":{"_seopress_robots_primary_cat":"","_seopress_titles_title":"","_seopress_titles_desc":"","_seopress_robots_index":"","footnotes":""},"class_list":["post-1359","page","type-page","status-publish","has-post-thumbnail","hentry"],"acf":[],"_links":{"self":[{"href":"https:\/\/www.tourisme-saverne.fr\/de\/wp-json\/wp\/v2\/pages\/1359","targetHints":{"allow":["GET"]}}],"collection":[{"href":"https:\/\/www.tourisme-saverne.fr\/de\/wp-json\/wp\/v2\/pages"}],"about":[{"href":"https:\/\/www.tourisme-saverne.fr\/de\/wp-json\/wp\/v2\/types\/page"}],"author":[{"embeddable":true,"href":"https:\/\/www.tourisme-saverne.fr\/de\/wp-json\/wp\/v2\/users\/1"}],"replies":[{"embeddable":true,"href":"https:\/\/www.tourisme-saverne.fr\/de\/wp-json\/wp\/v2\/comments?post=1359"}],"version-history":[{"count":25,"href":"https:\/\/www.tourisme-saverne.fr\/de\/wp-json\/wp\/v2\/pages\/1359\/revisions"}],"predecessor-version":[{"id":15630,"href":"https:\/\/www.tourisme-saverne.fr\/de\/wp-json\/wp\/v2\/pages\/1359\/revisions\/15630"}],"up":[{"embeddable":true,"href":"https:\/\/www.tourisme-saverne.fr\/de\/wp-json\/wp\/v2\/pages\/1321"}],"wp:featuredmedia":[{"embeddable":true,"href":"https:\/\/www.tourisme-saverne.fr\/de\/wp-json\/wp\/v2\/media\/801"}],"wp:attachment":[{"href":"https:\/\/www.tourisme-saverne.fr\/de\/wp-json\/wp\/v2\/media?parent=1359"}],"curies":[{"name":"wp","href":"https:\/\/api.w.org\/{rel}","templated":true}]}}

<section id="block-intro-block_e09578ebec9c1bc0e74d538b5eb0defc" class="block-g block-intro alignfull">
    <div class="container">
        <div class="content">
                                            <p class="h5 mb-3 text-uppercase text-center"><a href="https://www.tourisme-saverne.fr/de/sehenswuerdigkeiten-aktivitaeten/">Sehenswürdigkeiten &#038; Aktivitäten</a> / Shopping</p>
                        <p>Nutzen Sie Ihren Aufenthalt im Elsass, um durch die Innenstadt von Saverne und ihre belebte Fußgängerzone zu schlendern. Zwischen Boutiquen und Gourmet-Adressen finden Sie Souvenirs, lokale Spezialitäten, regionale Produkte und Geschenkideen, die Sie mit nach Hause nehmen können, um anderen eine Freude zu machen und Ihr Elsass-Erlebnis zu verlängern!</p>
        </div>
    </div>
</section>


    <section id="block-lei-product-grid-block_3fea9e4d9791cb52618ab6d50b501346" class="block-g block-items items-grid alignfull" data-modele="default-lei">
                <div class="container">
            <div class="items-grid-content row">
                                                                                                                                                <div class="item-col col-12 col-sm-6 col-lg-4">
                            <div class="item" data-ref="221009315">
                                <div class="top">
                                                                            <div class="img-wrap">
                                            <img decoding="async" 
                                            class="d-block img-fluid w-100 lazy" 
                                            src="https://www.tourisme-saverne.fr/wp-content/themes/saverne/assets/img/placeholder.gif" 
                                            data-src="https://www.tourisme-saverne.fr/de/?resize=425,270&#038;updated=1776338517&#038;lei_img=https://apps.tourisme-alsace.info/photos/saverne/photos/221009315_1.jpg" 
                                            alt="©Office de Tourisme &#038; du Commerce du Pays de Saverne. Photo non contractuelle"
                                            title="©Office de Tourisme &#038; du Commerce du Pays de Saverne. Photo non contractuelle"
                                             />
                                        </div>
                                                                    </div>
                                <div class="content">
                                    <h4>Saverne</h4>
                                    <h3>Shopping &#038; Pays de Saverne, Ihr Treueprogramm!</h3>
                                    <div class="lds-ring"><div></div><div></div><div></div><div></div></div>
                                </div>
                            </div>
                        </div>
                                                                    <div class="item-col col-12 col-sm-6 col-lg-4">
                            <div class="item" data-ref="221003668">
                                <div class="top">
                                                                            <div class="img-wrap">
                                            <img decoding="async" 
                                            class="d-block img-fluid w-100 lazy" 
                                            src="https://www.tourisme-saverne.fr/wp-content/themes/saverne/assets/img/placeholder.gif" 
                                            data-src="https://www.tourisme-saverne.fr/de/?resize=425,270&#038;updated=1648119648&#038;lei_img=https://apps.tourisme-alsace.info/photos/saverne/photos/221003668_1.jpg" 
                                            alt="©Coline ROMAIRE. Photo non contractuelle"
                                            title="©Coline ROMAIRE. Photo non contractuelle"
                                             />
                                        </div>
                                                                    </div>
                                <div class="content">
                                    <h4>Saverne</h4>
                                    <h3>La Délicathèque</h3>
                                    <div class="lds-ring"><div></div><div></div><div></div><div></div></div>
                                </div>
                            </div>
                        </div>
                                                                    <div class="item-col col-12 col-sm-6 col-lg-4">
                            <div class="item" data-ref="221009041">
                                <div class="top">
                                                                            <div class="img-wrap">
                                            <img decoding="async" 
                                            class="d-block img-fluid w-100 lazy" 
                                            src="https://www.tourisme-saverne.fr/wp-content/themes/saverne/assets/img/placeholder.gif" 
                                            data-src="https://www.tourisme-saverne.fr/de/?resize=425,270&#038;updated=1648119580&#038;lei_img=https://apps.tourisme-alsace.info/photos/saverne/photos/221009041_1.jpg" 
                                            alt="©Coline ROMAIRE. Photo non contractuelle"
                                            title="©Coline ROMAIRE. Photo non contractuelle"
                                             />
                                        </div>
                                                                    </div>
                                <div class="content">
                                    <h4>Saverne</h4>
                                    <h3>Droguerie Parfumerie Stemmer</h3>
                                    <div class="lds-ring"><div></div><div></div><div></div><div></div></div>
                                </div>
                            </div>
                        </div>
                                                                    <div class="item-col col-12 col-sm-6 col-lg-4">
                            <div class="item" data-ref="221010187">
                                <div class="top">
                                                                            <div class="img-wrap empty"></div>
                                                                    </div>
                                <div class="content">
                                    <h4>Saverne</h4>
                                    <h3>Denivele +</h3>
                                    <div class="lds-ring"><div></div><div></div><div></div><div></div></div>
                                </div>
                            </div>
                        </div>
                                                                    <div class="item-col col-12 col-sm-6 col-lg-4">
                            <div class="item" data-ref="221005007">
                                <div class="top">
                                                                            <div class="img-wrap">
                                            <img decoding="async" 
                                            class="d-block img-fluid w-100 lazy" 
                                            src="https://www.tourisme-saverne.fr/wp-content/themes/saverne/assets/img/placeholder.gif" 
                                            data-src="https://www.tourisme-saverne.fr/de/?resize=425,270&#038;updated=1614159498&#038;lei_img=https://apps.tourisme-alsace.info/photos/saverne/photos/221005007_1.jpg" 
                                            alt="©Office de Tourisme du Pays de Saverne. Photo non contractuelle"
                                            title="©Office de Tourisme du Pays de Saverne. Photo non contractuelle"
                                             />
                                        </div>
                                                                    </div>
                                <div class="content">
                                    <h4>Saverne</h4>
                                    <h3>Sommellerie de France</h3>
                                    <div class="lds-ring"><div></div><div></div><div></div><div></div></div>
                                </div>
                            </div>
                        </div>
                                                                    <div class="item-col col-12 col-sm-6 col-lg-4">
                            <div class="item" data-ref="221009043">
                                <div class="top">
                                                                            <div class="img-wrap">
                                            <img decoding="async" 
                                            class="d-block img-fluid w-100 lazy" 
                                            src="https://www.tourisme-saverne.fr/wp-content/themes/saverne/assets/img/placeholder.gif" 
                                            data-src="https://www.tourisme-saverne.fr/de/?resize=425,270&#038;updated=1614160258&#038;lei_img=https://apps.tourisme-alsace.info/photos/saverne/photos/221009043_1.jpg" 
                                            alt="©Office de Tourisme du Pays de Saverne. Photo non contractuelle"
                                            title="©Office de Tourisme du Pays de Saverne. Photo non contractuelle"
                                             />
                                        </div>
                                                                    </div>
                                <div class="content">
                                    <h4>Monswiller</h4>
                                    <h3>Roi des Vins</h3>
                                    <div class="lds-ring"><div></div><div></div><div></div><div></div></div>
                                </div>
                            </div>
                        </div>
                                                                    <div class="item-col col-12 col-sm-6 col-lg-4">
                            <div class="item" data-ref="221001272">
                                <div class="top">
                                                                            <div class="img-wrap">
                                            <img decoding="async" 
                                            class="d-block img-fluid w-100 lazy" 
                                            src="https://www.tourisme-saverne.fr/wp-content/themes/saverne/assets/img/placeholder.gif" 
                                            data-src="https://www.tourisme-saverne.fr/de/?resize=425,270&#038;updated=1774975869&#038;lei_img=https://apps.tourisme-alsace.info/photos/saverne/photos/221001272_1.JPG" 
                                            alt="©Office de Tourisme du Pays de Saverne. Photo non contractuelle"
                                            title="©Office de Tourisme du Pays de Saverne. Photo non contractuelle"
                                             />
                                        </div>
                                                                    </div>
                                <div class="content">
                                    <h4>Monswiller</h4>
                                    <h3>Chocolaterie Jacques Bockel</h3>
                                    <div class="lds-ring"><div></div><div></div><div></div><div></div></div>
                                </div>
                            </div>
                        </div>
                                                                    <div class="item-col col-12 col-sm-6 col-lg-4">
                            <div class="item" data-ref="221009060">
                                <div class="top">
                                                                            <div class="img-wrap">
                                            <img decoding="async" 
                                            class="d-block img-fluid w-100 lazy" 
                                            src="https://www.tourisme-saverne.fr/wp-content/themes/saverne/assets/img/placeholder.gif" 
                                            data-src="https://www.tourisme-saverne.fr/de/?resize=425,270&#038;updated=1774975920&#038;lei_img=https://apps.tourisme-alsace.info/photos/saverne/photos/221009060_1.jpg" 
                                            alt="©Office de Tourisme du Pays de Saverne. Photo non contractuelle."
                                            title="©Office de Tourisme du Pays de Saverne. Photo non contractuelle."
                                             />
                                        </div>
                                                                    </div>
                                <div class="content">
                                    <h4>Monswiller</h4>
                                    <h3>Handgemachte Seifen</h3>
                                    <div class="lds-ring"><div></div><div></div><div></div><div></div></div>
                                </div>
                            </div>
                        </div>
                                                                    <div class="item-col col-12 col-sm-6 col-lg-4">
                            <div class="item" data-ref="221001738">
                                <div class="top">
                                                                            <div class="img-wrap">
                                            <img decoding="async" 
                                            class="d-block img-fluid w-100 lazy" 
                                            src="https://www.tourisme-saverne.fr/wp-content/themes/saverne/assets/img/placeholder.gif" 
                                            data-src="https://www.tourisme-saverne.fr/de/?resize=425,270&#038;updated=1723653401&#038;lei_img=https://apps.tourisme-alsace.info/photos/saverne/photos/221001738_1.jpg" 
                                            alt="©Heschung. Photo non contractuelle"
                                            title="©Heschung. Photo non contractuelle"
                                             />
                                        </div>
                                                                    </div>
                                <div class="content">
                                    <h4>Steinbourg</h4>
                                    <h3>Handelsgeschäfft der Heschung-Fabrik</h3>
                                    <div class="lds-ring"><div></div><div></div><div></div><div></div></div>
                                </div>
                            </div>
                        </div>
                                                                    <div class="item-col col-12 col-sm-6 col-lg-4">
                            <div class="item" data-ref="221006635">
                                <div class="top">
                                                                            <div class="img-wrap">
                                            <img decoding="async" 
                                            class="d-block img-fluid w-100 lazy" 
                                            src="https://www.tourisme-saverne.fr/wp-content/themes/saverne/assets/img/placeholder.gif" 
                                            data-src="https://www.tourisme-saverne.fr/de/?resize=425,270&#038;updated=1648119840&#038;lei_img=https://apps.tourisme-alsace.info/photos/saverne/photos/221006635_1.jpg" 
                                            alt="©Office de Tourisme du Pays de Saverne. Photo non contractuelle"
                                            title="©Office de Tourisme du Pays de Saverne. Photo non contractuelle"
                                             />
                                        </div>
                                                                    </div>
                                <div class="content">
                                    <h4>Landersheim</h4>
                                    <h3>Adidas®-Fabrikverkauf</h3>
                                    <div class="lds-ring"><div></div><div></div><div></div><div></div></div>
                                </div>
                            </div>
                        </div>
                                                                    </div>
        </div>
    </section>
